{"id":536,"date":"2021-01-31T14:01:59","date_gmt":"2021-01-31T13:01:59","guid":{"rendered":"https:\/\/lussia.ch\/?page_id=536"},"modified":"2022-02-15T12:18:03","modified_gmt":"2022-02-15T11:18:03","slug":"news","status":"publish","type":"page","link":"https:\/\/lussia.ch\/?page_id=536","title":{"rendered":"News"},"content":{"rendered":"\n<h2>Beratungen per zoom: <\/h2>\n\n\n\n<ul><li>hast du Fragen, wie es auf deinem weiteren Lebensweg weitergehen soll?<\/li><li>bist du grad in einer Situation, wo deine Partnerschaft Risse bekommt?<\/li><li>du f\u00fchlst dich nicht gut und m\u00f6chtest gerne dar\u00fcber reden?<\/li><\/ul>\n\n\n\n<p>Ich empfehle mich, dich kompetent und seri\u00f6s zu begleiten. Liebe Gr\u00fcsse<\/p>\n\n\n\n<p>Lussia: lussiazaech@bluewin.ch<\/p>\n\n\n\n<figure class=\"wp-block-image size-full\"><img loading=\"lazy\" width=\"1024\" height=\"768\" src=\"https:\/\/lussia.ch\/wp-content\/uploads\/2022\/02\/Blick-auf-den-winterlichen-See-Febraur-2022.jpg\" alt=\"\" class=\"wp-image-626\" srcset=\"https:\/\/lussia.ch\/wp-content\/uploads\/2022\/02\/Blick-auf-den-winterlichen-See-Febraur-2022.jpg 1024w, https:\/\/lussia.ch\/wp-content\/uploads\/2022\/02\/Blick-auf-den-winterlichen-See-Febraur-2022-300x225.jpg 300w, https:\/\/lussia.ch\/wp-content\/uploads\/2022\/02\/Blick-auf-den-winterlichen-See-Febraur-2022-768x576.jpg 768w\" sizes=\"(max-width: 1024px) 100vw, 1024px\" \/><\/figure>\n\n\n\n<figure class=\"wp-block-image size-large is-resized\"><img loading=\"lazy\" src=\"https:\/\/lussia.ch\/wp-content\/uploads\/2021\/11\/20210319_170815-1024x768.jpg\" alt=\"\" class=\"wp-image-617\" width=\"536\" height=\"402\" srcset=\"https:\/\/lussia.ch\/wp-content\/uploads\/2021\/11\/20210319_170815-1024x768.jpg 1024w, https:\/\/lussia.ch\/wp-content\/uploads\/2021\/11\/20210319_170815-300x225.jpg 300w, https:\/\/lussia.ch\/wp-content\/uploads\/2021\/11\/20210319_170815-768x576.jpg 768w, https:\/\/lussia.ch\/wp-content\/uploads\/2021\/11\/20210319_170815-1536x1152.jpg 1536w, https:\/\/lussia.ch\/wp-content\/uploads\/2021\/11\/20210319_170815-2048x1536.jpg 2048w\" sizes=\"(max-width: 536px) 100vw, 536px\" \/><\/figure>\n\n\n\n<h2>Herbstgedanken<\/h2>\n\n\n\n<p>Das Gl\u00fcck der <strong><em>Farben<\/em> <\/strong>k\u00f6nnen wir <strong><em>jeden<\/em> <\/strong>Tag geniessen, wenn wir <strong><em>offen<\/em> <\/strong>sind, sie zu <em><strong>sehen<\/strong><\/em>.<\/p>\n\n\n\n<p>Die Tage werden k\u00fcrzer, die Bl\u00e4tter f\u00e4rben sich gelb, orange, rot. <strong>Herbst<\/strong> &#8211; <strong>Samhain<\/strong>, die Nacht, wo die Schleier zwischen dem Diesseits und dem Jenseits d\u00fcnn sind und uns den Kontakt mit den Vorausgegangenen erleichtern, markiert den Eintritt in die dunkle Jahreszeit.<\/p>\n\n\n\n<p>Es ist die Zeit vor dem glitzernden Vorweihnachts-Rummel. Viele Menschen nutzen diese stille Zeit f\u00fcr den Blick nach innen in ihre seelischen Brunnenstuben, und sp\u00fcren tief in sich hinein. Wie waren die vergangenen Monate? Waren sie leuchtend und inspirierend, durften neue Bekanntschaften gemacht und Neues entdeckt werden?<\/p>\n\n\n\n<p>Gerade in diesen weltweiten Pandemie-Zeiten, wo viele Menschen einen eher kleineren Aktionsradius erlebten, war es besonders wichtig, das Sch\u00f6ne und Liebevolle im n\u00e4heren pers\u00f6nlichen Umfeld zu entdecken. Und wo immer wir uns befinden, wir k\u00f6nnen offen sein f\u00fcr die manchmal ganz kleinen Geschenke, die uns zuteil werden und dankbar, dass wir diese wahrnehmen d\u00fcrfen.<\/p>\n\n\n\n<p>Die B\u00fccher von <strong>Akron, Voenix und Arjun<\/strong> sind besonders gut geeignet als Leitfaden f\u00fcr die seelische Innenschau in dieser dunklen Jahreszeit. <a href=\"https:\/\/shop-akron.com\/\">https:\/\/shop-akron.com\/<\/a><\/p>\n\n\n\n<p>Geniessen Sie die sch\u00f6ne, melancholische Komposition von <strong>Lorias Zagh<\/strong>, die wunderbar passend ist in diesen mystischen Herbst-Tagen. <a href=\"https:\/\/youtu.be\/wF9kL2cO5FQ\">https:\/\/youtu.be\/wF9kL2cO5FQ<\/a><\/p>\n\n\n\n<p>Und zum Schluss m\u00f6chte ich euch noch auf den Song \u00ab<strong>Im Abendrot<\/strong>\u00bb von Franz Schubert hinweisen, den <strong>Patricia Cooney und Georg G\u00fcntensberger<\/strong> an der Abschiedsfeier von Akron am 11.11.2017 vorgetragen haben: Originalaufnahme ab heute auf youtube.<\/p>\n\n\n\n<figure class=\"wp-block-embed is-type-video is-provider-youtube wp-block-embed-youtube wp-embed-aspect-16-9 wp-has-aspect-ratio\"><div class=\"wp-block-embed__wrapper\">\n<iframe loading=\"lazy\"  id=\"_ytid_71203\"  width=\"540\" height=\"304\"  data-origwidth=\"540\" data-origheight=\"304\" src=\"https:\/\/www.youtube.com\/embed\/r7CbsUIQZsM?enablejsapi=1&#038;autoplay=0&#038;cc_load_policy=0&#038;cc_lang_pref=&#038;iv_load_policy=1&#038;loop=0&#038;modestbranding=0&#038;rel=1&#038;fs=1&#038;playsinline=0&#038;autohide=2&#038;theme=dark&#038;color=red&#038;controls=1&#038;\" class=\"__youtube_prefs__  epyt-is-override  no-lazyload\" title=\"YouTube player\"  allow=\"accelerometer; autoplay; clipboard-write; encrypted-media; gyroscope; picture-in-picture\" allowfullscreen data-no-lazy=\"1\" data-skipgform_ajax_framebjll=\"\"><\/iframe>\n<\/div><\/figure>\n\n\n\n<h2>Kult-Comic &#8211; Dante Comic Reihe<\/h2>\n\n\n\n<h2><a href=\"https:\/\/shop-akron.com\/store\/page\/2\">https:\/\/shop-akron.com\/store\/page\/2<\/a><\/h2>\n\n\n\n<p>Kennst du unsere Kult-Comics? Erlebe geheimes Wissen mit den aussergew\u00f6hnlichen und magischen Comcis aus der Dante Reihe!<\/p>\n\n\n\n<p><\/p>\n\n\n\n<figure class=\"wp-block-image size-large is-resized\"><img loading=\"lazy\" src=\"https:\/\/lussia.ch\/wp-content\/uploads\/2021\/05\/Dantes-Inferno-Band-4-Die-Zwillinge-Hoelle-741x1024.jpg\" alt=\"\" class=\"wp-image-611\" width=\"470\" height=\"650\" srcset=\"https:\/\/lussia.ch\/wp-content\/uploads\/2021\/05\/Dantes-Inferno-Band-4-Die-Zwillinge-Hoelle-741x1024.jpg 741w, https:\/\/lussia.ch\/wp-content\/uploads\/2021\/05\/Dantes-Inferno-Band-4-Die-Zwillinge-Hoelle-217x300.jpg 217w, https:\/\/lussia.ch\/wp-content\/uploads\/2021\/05\/Dantes-Inferno-Band-4-Die-Zwillinge-Hoelle-768x1062.jpg 768w, https:\/\/lussia.ch\/wp-content\/uploads\/2021\/05\/Dantes-Inferno-Band-4-Die-Zwillinge-Hoelle.jpg 800w\" sizes=\"(max-width: 470px) 100vw, 470px\" \/><figcaption>Die Zwillinge-H\u00f6lle<\/figcaption><\/figure>\n\n\n\n<figure class=\"wp-block-image size-large\"><img loading=\"lazy\" width=\"1024\" height=\"732\" src=\"https:\/\/lussia.ch\/wp-content\/uploads\/2021\/05\/Comicfaecher_Cover-1024x732.jpg\" alt=\"\" class=\"wp-image-610\" srcset=\"https:\/\/lussia.ch\/wp-content\/uploads\/2021\/05\/Comicfaecher_Cover-1024x732.jpg 1024w, https:\/\/lussia.ch\/wp-content\/uploads\/2021\/05\/Comicfaecher_Cover-300x214.jpg 300w, https:\/\/lussia.ch\/wp-content\/uploads\/2021\/05\/Comicfaecher_Cover-768x549.jpg 768w, https:\/\/lussia.ch\/wp-content\/uploads\/2021\/05\/Comicfaecher_Cover.jpg 1240w\" sizes=\"(max-width: 1024px) 100vw, 1024px\" \/><\/figure>\n\n\n\n<p><\/p>\n\n\n\n<figure class=\"wp-block-image\"><img alt=\"\"\/><\/figure>\n","protected":false},"excerpt":{"rendered":"<p>Beratungen per zoom: hast du Fragen, wie es auf deinem weiteren Lebensweg weitergehen soll? bist du grad in einer Situation, wo deine Partnerschaft Risse bekommt? du f\u00fchlst dich nicht gut und m\u00f6chtest gerne dar\u00fcber reden? Ich empfehle mich, dich kompetent <a class=\"more-link\" href=\"https:\/\/lussia.ch\/?page_id=536\">weiterlesen&#8230;<\/a><\/p>\n","protected":false},"author":1,"featured_media":331,"parent":28,"menu_order":1,"comment_status":"closed","ping_status":"closed","template":"","meta":[],"_links":{"self":[{"href":"https:\/\/lussia.ch\/index.php?rest_route=\/wp\/v2\/pages\/536"}],"collection":[{"href":"https:\/\/lussia.ch\/index.php?rest_route=\/wp\/v2\/pages"}],"about":[{"href":"https:\/\/lussia.ch\/index.php?rest_route=\/wp\/v2\/types\/page"}],"author":[{"embeddable":true,"href":"https:\/\/lussia.ch\/index.php?rest_route=\/wp\/v2\/users\/1"}],"replies":[{"embeddable":true,"href":"https:\/\/lussia.ch\/index.php?rest_route=%2Fwp%2Fv2%2Fcomments&post=536"}],"version-history":[{"count":5,"href":"https:\/\/lussia.ch\/index.php?rest_route=\/wp\/v2\/pages\/536\/revisions"}],"predecessor-version":[{"id":627,"href":"https:\/\/lussia.ch\/index.php?rest_route=\/wp\/v2\/pages\/536\/revisions\/627"}],"up":[{"embeddable":true,"href":"https:\/\/lussia.ch\/index.php?rest_route=\/wp\/v2\/pages\/28"}],"wp:featuredmedia":[{"embeddable":true,"href":"https:\/\/lussia.ch\/index.php?rest_route=\/wp\/v2\/media\/331"}],"wp:attachment":[{"href":"https:\/\/lussia.ch\/index.php?rest_route=%2Fwp%2Fv2%2Fmedia&parent=536"}],"curies":[{"name":"wp","href":"https:\/\/api.w.org\/{rel}","templated":true}]}}