{"id":227,"date":"2017-01-18T17:32:56","date_gmt":"2017-01-18T17:32:56","guid":{"rendered":"http:\/\/lussia.ch\/?page_id=227"},"modified":"2019-10-24T09:10:56","modified_gmt":"2019-10-24T09:10:56","slug":"preise","status":"publish","type":"page","link":"https:\/\/lussia.ch\/?page_id=227","title":{"rendered":"Preise"},"content":{"rendered":"<p><span style=\"color: #800080;\">Einzel-Beratung: Fr. 100.&#8211;\/ Stunde<\/span><\/p>\n<p><span style=\"color: #800080;\">Arbeitskreise: Fr. 20.&#8211;\/Abend\/Person<\/span><\/p>\n<p><span style=\"color: #800080;\">damit auch finanziell schw\u00e4chere Menschen, die seri\u00f6s ihren Weg der Bewusstwerdung gehen m\u00f6chten, in den Genuss einer spirituellen Begleitung kommen, ist es auch m\u00f6glich, auf freiwilliger Spendenbasis einen Termin zu vereinbaren<\/span><\/p>\n","protected":false},"excerpt":{"rendered":"<p>Einzel-Beratung: Fr. 100.&#8211;\/ Stunde Arbeitskreise: Fr. 20.&#8211;\/Abend\/Person damit auch finanziell schw\u00e4chere Menschen, die seri\u00f6s ihren Weg der Bewusstwerdung gehen m\u00f6chten, in den Genuss einer spirituellen Begleitung kommen, ist es auch m\u00f6glich, auf freiwilliger Spendenbasis einen Termin zu vereinbaren<\/p>\n","protected":false},"author":1,"featured_media":0,"parent":6,"menu_order":1,"comment_status":"closed","ping_status":"closed","template":"","meta":[],"_links":{"self":[{"href":"https:\/\/lussia.ch\/index.php?rest_route=\/wp\/v2\/pages\/227"}],"collection":[{"href":"https:\/\/lussia.ch\/index.php?rest_route=\/wp\/v2\/pages"}],"about":[{"href":"https:\/\/lussia.ch\/index.php?rest_route=\/wp\/v2\/types\/page"}],"author":[{"embeddable":true,"href":"https:\/\/lussia.ch\/index.php?rest_route=\/wp\/v2\/users\/1"}],"replies":[{"embeddable":true,"href":"https:\/\/lussia.ch\/index.php?rest_route=%2Fwp%2Fv2%2Fcomments&post=227"}],"version-history":[{"count":2,"href":"https:\/\/lussia.ch\/index.php?rest_route=\/wp\/v2\/pages\/227\/revisions"}],"predecessor-version":[{"id":402,"href":"https:\/\/lussia.ch\/index.php?rest_route=\/wp\/v2\/pages\/227\/revisions\/402"}],"up":[{"embeddable":true,"href":"https:\/\/lussia.ch\/index.php?rest_route=\/wp\/v2\/pages\/6"}],"wp:attachment":[{"href":"https:\/\/lussia.ch\/index.php?rest_route=%2Fwp%2Fv2%2Fmedia&parent=227"}],"curies":[{"name":"wp","href":"https:\/\/api.w.org\/{rel}","templated":true}]}}