{"id":12,"date":"2016-11-08T14:53:23","date_gmt":"2016-11-08T13:53:23","guid":{"rendered":"http:\/\/lussia.ch\/?page_id=12"},"modified":"2021-02-07T14:37:39","modified_gmt":"2021-02-07T13:37:39","slug":"lussi-art","status":"publish","type":"page","link":"https:\/\/lussia.ch\/?page_id=12","title":{"rendered":"Lussi-Art"},"content":{"rendered":"<p><span style=\"color: #800080;\"><div id=\"metaslider-id-26\" style=\"max-width: 700px;\" class=\"ml-slider-3-23-3 metaslider metaslider-flex metaslider-26 ml-slider\">\n    <div id=\"metaslider_container_26\">\n        <div id=\"metaslider_26\">\n            <ul aria-live=\"polite\" class=\"slides\">\n                <li style=\"display: block; width: 100%;\" class=\"slide-25 ms-image\"><img src=\"https:\/\/lussia.ch\/wp-content\/uploads\/2016\/11\/IMG_6541-700x300.jpg\" height=\"300\" width=\"700\" alt=\"\" class=\"slider-26 slide-25\" \/><div class=\"caption-wrap\"><div class=\"caption\">R\u00f6merhof Arbon<\/div><\/div><\/li>\n                <li style=\"display: none; width: 100%;\" class=\"slide-60 ms-image\"><img src=\"https:\/\/lussia.ch\/wp-content\/uploads\/2016\/11\/IMG_6569-Kopie-700x300.jpg\" height=\"300\" width=\"700\" alt=\"\" class=\"slider-26 slide-60\" \/><div class=\"caption-wrap\"><div class=\"caption\">Fischmarktplatz Arbon<\/div><\/div><\/li>\n                <li style=\"display: none; width: 100%;\" class=\"slide-23 ms-image\"><img src=\"https:\/\/lussia.ch\/wp-content\/uploads\/2016\/11\/Lu-mit-Lu-Hintergrund-f\u00fcr-hp-700x300.jpg\" height=\"300\" width=\"700\" alt=\"\" class=\"slider-26 slide-23\" \/><div class=\"caption-wrap\"><div class=\"caption\">Lussia<\/div><\/div><\/li>\n                <li style=\"display: none; width: 100%;\" class=\"slide-59 ms-image\"><img src=\"https:\/\/lussia.ch\/wp-content\/uploads\/2016\/11\/IMG_6555-Kopie-2-700x300.jpg\" height=\"300\" width=\"700\" alt=\"\" class=\"slider-26 slide-59\" \/><div class=\"caption-wrap\"><div class=\"caption\">Rotes Kreuz\/kath. Kirche Arbon<\/div><\/div><\/li>\n                <li style=\"display: none; width: 100%;\" class=\"slide-100 ms-image\"><img src=\"https:\/\/lussia.ch\/wp-content\/uploads\/2016\/11\/cropped-Bils-Blau-Lussia-\u00fcberarbeitet-700x300.jpg\" height=\"300\" width=\"700\" alt=\"Detailansicht\" class=\"slider-26 slide-100\" title=\"Bodenseewellen\" \/><div class=\"caption-wrap\"><div class=\"caption\">Bodenseewellen Detailansicht<\/div><\/div><\/li>\n                <li style=\"display: none; width: 100%;\" class=\"slide-61 ms-image\"><img src=\"https:\/\/lussia.ch\/wp-content\/uploads\/2016\/11\/IMG_6572-Kopie-700x300.jpg\" height=\"300\" width=\"700\" alt=\"\" class=\"slider-26 slide-61\" \/><div class=\"caption-wrap\"><div class=\"caption\">Kirchen von Balgach SG<\/div><\/div><\/li>\n                <li style=\"display: none; width: 100%;\" class=\"slide-79 ms-image\"><img src=\"https:\/\/lussia.ch\/wp-content\/uploads\/2016\/11\/Tropfen-geschnitten-700x300.jpg\" height=\"300\" width=\"700\" alt=\"\" class=\"slider-26 slide-79\" \/><div class=\"caption-wrap\"><div class=\"caption\">Freudentr\u00e4nen<\/div><\/div><\/li>\n                <li style=\"display: none; width: 100%;\" class=\"slide-51 ms-image\"><img src=\"https:\/\/lussia.ch\/wp-content\/uploads\/2016\/11\/Bils-Blau-Lussia-\u00fcberarbeitet-700x300.jpg\" height=\"300\" width=\"700\" alt=\"\" class=\"slider-26 slide-51\" \/><div class=\"caption-wrap\"><div class=\"caption\">Bodenseewellen<\/div><\/div><\/li>\n                <li style=\"display: none; width: 100%;\" class=\"slide-52 ms-image\"><img src=\"https:\/\/lussia.ch\/wp-content\/uploads\/2016\/11\/Bils-Blau-Lussia-\u00fcberarbeitet_1-700x300.jpg\" height=\"300\" width=\"700\" alt=\"\" class=\"slider-26 slide-52\" \/><div class=\"caption-wrap\"><div class=\"caption\">Erfolg<\/div><\/div><\/li>\n                <li style=\"display: none; width: 100%;\" class=\"slide-67 ms-image\"><img src=\"https:\/\/lussia.ch\/wp-content\/uploads\/2016\/11\/Kirche-STeinach-700x300.jpg\" height=\"300\" width=\"700\" alt=\"\" class=\"slider-26 slide-67\" \/><div class=\"caption-wrap\"><div class=\"caption\">kath. Kirche Steinach SG<\/div><\/div><\/li>\n                <li style=\"display: none; width: 100%;\" class=\"slide-99 ms-image\"><img src=\"https:\/\/lussia.ch\/wp-content\/uploads\/2016\/11\/cropped-LU-schwarz-weiss-700x300.jpg\" height=\"300\" width=\"700\" alt=\"\" class=\"slider-26 slide-99\" \/><div class=\"caption-wrap\"><div class=\"caption\">Die K\u00fcnstlerin<\/div><\/div><\/li>\n            <\/ul>\n        <\/div>\n        \n    <\/div>\n<\/div><\/span><\/p>\n<p><span style=\"color: #800080;\">Ich male deinen Lieblingsplatz, ein Geb\u00e4ude, das dir gef\u00e4llt oder mit dem du eine Geschichte verbindest, ein Gef\u00fchl oder eine Vision, ein Cover\u00a0auf unkonventionelle, fr\u00f6hliche Art und Weise.<\/span><\/p>\n<p>&nbsp;<\/p>\n","protected":false},"excerpt":{"rendered":"<p>Ich male deinen Lieblingsplatz, ein Geb\u00e4ude, das dir gef\u00e4llt oder mit dem du eine Geschichte verbindest, ein Gef\u00fchl oder eine Vision, ein Cover\u00a0auf unkonventionelle, fr\u00f6hliche Art und Weise. &nbsp;<\/p>\n","protected":false},"author":1,"featured_media":64,"parent":0,"menu_order":4,"comment_status":"closed","ping_status":"closed","template":"","meta":[],"_links":{"self":[{"href":"https:\/\/lussia.ch\/index.php?rest_route=\/wp\/v2\/pages\/12"}],"collection":[{"href":"https:\/\/lussia.ch\/index.php?rest_route=\/wp\/v2\/pages"}],"about":[{"href":"https:\/\/lussia.ch\/index.php?rest_route=\/wp\/v2\/types\/page"}],"author":[{"embeddable":true,"href":"https:\/\/lussia.ch\/index.php?rest_route=\/wp\/v2\/users\/1"}],"replies":[{"embeddable":true,"href":"https:\/\/lussia.ch\/index.php?rest_route=%2Fwp%2Fv2%2Fcomments&post=12"}],"version-history":[{"count":4,"href":"https:\/\/lussia.ch\/index.php?rest_route=\/wp\/v2\/pages\/12\/revisions"}],"predecessor-version":[{"id":166,"href":"https:\/\/lussia.ch\/index.php?rest_route=\/wp\/v2\/pages\/12\/revisions\/166"}],"wp:featuredmedia":[{"embeddable":true,"href":"https:\/\/lussia.ch\/index.php?rest_route=\/wp\/v2\/media\/64"}],"wp:attachment":[{"href":"https:\/\/lussia.ch\/index.php?rest_route=%2Fwp%2Fv2%2Fmedia&parent=12"}],"curies":[{"name":"wp","href":"https:\/\/api.w.org\/{rel}","templated":true}]}}